2)/y*(-12)/8?
10
Suppose -h = l - 94, 2*h + 0*l - 4*l - 200 = 0. What is the remainder when h is divided by 33?
30
Suppose -3*g - 2*z = 8, 4*g + 0*z + z + 4 = 0. Suppose -3*i = y - g*i - 37, 9 = -3*i. Suppose 18 + 46 = 4*t. Calculate the remainder when y is divided by t.
14
Suppose 4*l - l = 171. What is the remainder when l is divided by 20?
17
Suppose -4 = 2*x - 32. Calculate the remainder when 54 is divided by x.
12
Let j(l) = l**2 - 2*l - 5. Suppose 2*w + 20 = -3*w, -104 = 4*m + 4*w. Let g = -15 - m. Calculate the remainder when j(-4) is divided by g.
5
Let m(z) = z + 8. Let k be m(-8). Suppose 3*s = -k*s + 27. Calculate the remainder when s is divided by 5.
4
Let u(x) = -7 - 5*x + x + x + x. Calculate the remainder when 28/2 - (0 + 0) is divided by u(-6).
4
Let r = 15 + 24. Suppose -6*w + 4*w = 0. Calculate the remainder when r is divided by 12 + -2 + w + 0.
9
Suppose 224 = 5*h - c, h - 2*h - 5*c + 24 = 0. What is the remainder when h is divided by 15?
14
Let g(b) = 3*b**2 + 4. Calculate the remainder when 95 is divided by g(-2).
15
Suppose -3*j + 6*x = x - 178, 0 = 3*j + 3*x - 186. Let h = j - 8. Suppose 0*a - 72 = -4*a. What is the remainder when h is divided by a?
17
Suppose j + g = -0*j + 13, 3*g + 15 = 3*j. Let w(q) = -q**2 + 11*q + 11. What is the remainder when w(j) is divided by 8?
5
Let o(t) = t**2 + 2*t. Calculate the remainder when 9 is divided by o(-4).
1
What is the remainder when 75 + 6/(-3) - -4 is divided by 20?
17
Let g(c) = -4*c**2 - 2*c**3 + 1 + c**3 - 2*c**2. Suppose z - 1 = -s, 3*s = -3*z + s + 4. What is the remainder when z is divided by g(-6)?
0
Suppose 5*z = 3*z + 6. Suppose 5*d - 130 = 6*o - z*o, 0 = 2*o. Calculate the remainder when 101 is divided by d.
23
Suppose -v = -5*v + 8. Suppose 0 = -v*l - 3*l + 30. Suppose 2*t = 7*t - 20. Calculate the remainder when l is divided by t.
2
Let v = -12 - -19. Let h(k) = -k**3 + 8*k**2 - 5*k - 7. Calculate the remainder when h(v) is divided by 2 + 1 + 0 + 0.
1
Suppose 2*q - 12 = -0*q. Let g(f) = -4*f - 77. Calculate the remainder when g(-23) is divided by q.
3
Suppose 4*i - 20 = -0*i - 5*g, -i - 10 = 5*g. Calculate the remainder when 27 is divided by i.
7
Let o be 49 - 3*(-3)/(-9). Suppose o = a + a. What is the remainder when a is divided by 9?
6
Suppose -3*s + 9 + 21 = 0. Let o = 56 - 37. Calculate the remainder when o is divided by s.
9
Let q = 2 + -2. Suppose q = -d - 9 - 1. Let z = 16 + d. Calculate the remainder when 10 is divided by z.
4
Suppose z - 59 = -2*p, 2*p - 5*p = 3*z - 171. Let y = -8 + 27. What is the remainder when z is divided by y?
17
Let a = 19 + -12. What is the remainder when 26 is divided by a?
5
Suppose 3*v + 12 = 60. Calculate the remainder when v is divided by 12.
4
Let q = -10 - -20. Calculate the remainder when 18 is divided by q.
8
Suppose 3 = -3*g, 3*b - 2 + 1 = -2*g. Let u(h) = -h**2 + 23*h - 9. Let s be u(22). Let y = s - b. What is the remainder when y is divided by 5?
2
Suppose 80 = 5*a + l - 3*l, 5*a = -2*l + 80. Let z(k) = -3*k - 5. What is the remainder when z(-12) is divided by a?
15
Let x = 161 - 141. Calculate the remainder when 52 is divided by x.
12
Let z(w) = -6*w + 54. Calculate the remainder when 286 is divided by z(7).
10
Let d(a) = a**3 - 3*a**2 - a + 11. Calculate the remainder when 51 is divided by d(0).
7
Let y = 9 + -7. Let f = 9 + y. What is the remainder when f is divided by 3?
2
Let c(t) = -16*t - 3. Calculate the remainder when 57 is divided by c(-2).
28
Suppose 0*u = -3*u + 102. What is the remainder when u is divided by 7?
6
Let x(y) = -3*y - 7. Let a be x(-3). Suppose 3*h = -4*f + 75, -3*f + f + 38 = a*h. Calculate the remainder when f is divided by 10.
8
Let w = 21 + -15. Suppose -3*c - 5 = 142. Let r = -34 - c. What is the remainder when r is divided by w?
3
Let c be (1 - 0) + 5 + -4. Suppose y - 58 = -y + 4*b, 5*y - 157 = -c*b. Suppose -3*u - 32 = -5*u. What is the remainder when y is divided by u?
15
Suppose -14*u - 764 = -820. Let k = -1 + 6. Let f = k + -3. What is the remainder when u is divided by f?
0
Let u = 224 + -408. Let w be u/6*9/(-6). Suppose k = -k + w. Calculate the remainder when 68 is divided by k.
22
Let t = 23 + -13. What is the remainder when t is divided by 3?
1
Suppose -5*b + 2*h = -273 - 97, 0 = -b - 4*h + 74. Calculate the remainder when b is divided by 13.
9
Let j = 3 + 11. Let x be 77/(-2)*24/(-14). Suppose 2*b = x + 14. Calculate the remainder when b is divided by j.
12
Suppose -5*b + 13 = n, -4*b + 0*n = -n - 5. Suppose k + 73 = b*k. Suppose k = 3*a - 4*c, -80 = -3*a + c - 10. What is the remainder when a is divided by 8?
7
Suppose 7*p = -3*k + 5*p + 402, 0 = k - 3*p - 123. Calculate the remainder when k is divided by 34.
30
Suppose 3*w + 7 = 4*w. Calculate the remainder when w is divided by 2.
1
Suppose -5*r + 10 = -4*s - s, -3*r - 5*s + 6 = 0. Let v = 153 + -146. Calculate the remainder when v is divided by r.
1
Suppose 0*r - r + 7 = 5*s, r = 2*s. What is the remainder when 9 is divided by r?
1
What is the remainder when 54 - (0 + -2 - -6) is divided by 13?
11
Suppose 31 = -8*l + 79. What is the remainder when 16 is divided by l?
4
Suppose -2*s - 9 = -o + 10, -55 = -3*o + 4*s. Calculate the remainder when 61 is divided by o.
10
Suppose -c = 4*c - 30. Let d = 83 - 74. What is the remainder when d is divided by c?
3
Suppose -243 = -3*j - j - i, -i + 121 = 2*j. Calculate the remainder when j is divided by 21.
19
Let j = 16 + -12. Let d(q) = -5*q**3 + q**2 + q + 1. What is the remainder when d(-1) is divided by j?
2
Let d = 4 - 1. Suppose 5*q - 9 = 3*s, 0*s - 15 = -d*s - 3*q. Suppose -s = 3*u - 4*u. Calculate the remainder when 2 is divided by u.
0
Let q(j) = 7*j**3 - j - 1. Calculate the remainder when q(2) is divided by 16.
5
Let d = -40 + 72. Suppose 0 = -2*w + d - 4. Calculate the remainder when w is divided by 5.
4
Suppose -150 = 2*k - 3*k + 4*r, 3*k = r + 494. Suppose 5*v - k = -3*p, -p - p = -v - 89. What is the remainder when p is divided by 16?
15
Suppose -4*k + 2*k + 96 = 0. Suppose 20 = 2*l + 3*h - 8, -2*l - 2*h = -30. What is the remainder when k is divided by l?
14
Let x(p) = p**2 + p + 4. What is the remainder when x(0) is divided by (-2 - (-2)/4)/((-12)/24)?
1
Suppose o - 6*o + 25 = 0. Calculate the remainder when 26 is divided by (-1)/o + (-92)/(-10).
8
Let h = -33 - -49. Suppose j + 155 = 6*j. Calculate the remainder when j is divided by h.
15
Let p(q) be the first derivative of -19*q**2/2 - 2*q + 3. What is the remainder when p(-2) is divided by 19?
17
Suppose 0 = 3*g + 40 - 13. Calculate the remainder when (-210)/g + (-2)/(-3) is divided by ((-52)/12)/((-1)/3).
11
Suppose 4*n - 115 + 19 = 4*h, -68 = -3*n - h. Let y = 10 + -10. Suppose y = 4*k - 2*v - 25 - 23, -v = 0. Calculate the remainder when n is divided by k.
11
Let x be (1 + -5)/((-12)/114). Let s = x - 27. What is the remainder when 18 is divided by s?
7
Suppose -4*h - 6 = p, -9 = -2*p + 4*h + 3. Let j(m) = m**3 + 5*m**2 - 25*m - 6. Calculate the remainder when p is divided by j(-8).
0
Let p(g) be the second derivative of 3*g**5/20 + g**4/6 - g**2/2 + 2*g. Calculate the remainder when p(2) is divided by 11.
9
Let n = 140 + -94. What is the remainder when n is divided by 16?
14
Suppose 5*m + 9 = -z, z + 2 = -3*m - 5. Let g(x) = 4*x. Let p be g(m). Calculate the remainder when 73/4 + 1/p is divided by 10.
8
Let p be 2/3*6*1. Suppose -60 + 4 = -p*f. Calculate the remainder when 27 is divided by f.
13
Let h(g) = 3*g - 2 - g**2 + g**2 + 2*g**2. Let i be (-8)/2 - -7 - 1. Calculate the remainder when 21 is divided by h(i).
9
Let j = 17 + -1. Calculate the remainder when j is divided by 9.
7
Let z = 2 - 1. Suppose 0 = 2*m - 3*q - 15, 5*m - 26 = 2*m + q. What is the remainder when (z - 3)*50/(-4) is divided by m?
7
Let i(o) = -o**2 + 10. Calculate the remainder when i(0) is divided by (-21)/(-28)*(0 - -4).
1
Suppose 20*c + 15 = 23*c. What is the remainder when 33 is divided by c?
3
What is the remainder when 26 - (-4 - 2/(-2)) is divided by 8?
5
Let l = -151 + 173. What is the remainder when l is divided by 9?
4
What is the remainder when 2/(14/(-51) - (-1)/3) is divided by 7?
6
Let k = 16 - -11. Let q(o) = 13*o**2 - 2*o - 1. Let c = 5 - 6. What is the remainder when k is divided by q(c)?
13
What is the remainder wh